{"id":10010,"date":"2018-10-29T19:30:50","date_gmt":"2018-10-29T23:30:50","guid":{"rendered":"https:\/\/www.convention.qc.ca\/nouvelles\/quebec-city-hosts-2019-national-taekwondo-championships\/"},"modified":"2024-02-22T13:58:12","modified_gmt":"2024-02-22T18:58:12","slug":"quebec-city-hosts-2019-national-taekwondo-championships","status":"publish","type":"communiques","link":"https:\/\/www.convention.qc.ca\/en\/news\/quebec-city-hosts-2019-national-taekwondo-championships\/","title":{"rendered":"Qu\u00e9bec City hosts 2019 National Taekwondo Championships"},"content":{"rendered":"<div  class=\"item wysiwyg component-paragraph component-no-padding \" ><div class=\"container\">\n<p>From January 10 to 12, 2019, nearly 1,500 spectators will come out for the championships, which will bring together some 800 athletes, coaches, and officials at the Qu\u00e9bec City Convention Centre. For four days, the best taekwondo athletes from across Canada will compete in various categories and vie for the chance to represent the country at various international championships in 2019.<\/p>\n<\/div><\/div>\n\n<div  class=\"item wysiwyg component-paragraph component-no-padding \" ><div class=\"container\">\n<p>The Qu\u00e9bec City Convention Centre is a flexible venue for sports competitions that has played host to karate, fencing, and cheerleading competitions, and was also picked for the <a href=\"https:\/\/www.convention.qc.ca\/en\/2018\/10\/view-dance-challenge-quebec-2020\/\" target=\"_blank\" rel=\"noreferrer noopener\">VIEW Dance Challenge<\/a> slated for 2020. For this taekwondo championship, the athletes will compete in the Exhibit Hall.<\/p>\n<\/div><\/div>\n\n<div  class=\"item wysiwyg component-heading component-no-padding \" ><div class=\"container\">\n<h3 class=\"wp-block-heading\"><strong>About Taekwondo Canada<\/strong><\/h3>\n<\/div><\/div>\n\n<div  class=\"item wysiwyg component-paragraph component-no-padding \" ><div class=\"container\">\n<p>Taekwondo Canada is the National Sport Organization in Canada recognized by the World Taekwondo (WT), Pan American Taekwondo Union (PATU), Sport Canada, and the Canadian Olympic Committee (IOC). Together with its members and partners, Taekwondo Canada will establish the highest possible standards for Taekwondo development and achievement. Taekwondo was adopted as an official Olympic sport at the 2000 Games in Sydney, Australia.<\/p>\n<\/div><\/div>","protected":false},"excerpt":{"rendered":"Taekwondo Canada has selected Qu\u00e9bec City, ranked Canada\u2019s third best sporting destination,\u00a0 to host the 2019 National Taekwondo Championships.","protected":false},"featured_media":0,"parent":0,"template":"","categorie-communiques":[611,607],"class_list":["post-10010","communiques","type-communiques","status-publish","hentry","categorie-communiques-destination-and-attractions","categorie-communiques-events"],"acf":[],"yoast_head":"<!-- This site is optimized with the Yoast SEO plugin v26.7 - https:\/\/yoast.com\/wordpress\/plugins\/seo\/ -->\n<title>Qu\u00e9bec City hosts 2019 National Taekwondo Championships | Qu\u00e9bec City Convention Centre<\/title>\n<meta name=\"description\" content=\"Taekwondo Canada has selected Qu\u00e9bec City, ranked Canada\u2019s third best sporting destination,\u00a0 to host the 2019 National Taekwondo Championships.\" \/>\n<meta name=\"robots\" content=\"index, follow, max-snippet:-1, max-image-preview:large, max-video-preview:-1\" \/>\n<link rel=\"canonical\" href=\"https:\/\/www.convention.qc.ca\/en\/news\/quebec-city-hosts-2019-national-taekwondo-championships\/\" \/>\n<meta property=\"og:locale\" content=\"en_US\" \/>\n<meta property=\"og:type\" content=\"article\" \/>\n<meta property=\"og:title\" content=\"Qu\u00e9bec City hosts 2019 National Taekwondo Championships | Qu\u00e9bec City Convention Centre\" \/>\n<meta property=\"og:description\" content=\"Taekwondo Canada has selected Qu\u00e9bec City, ranked Canada\u2019s third best sporting destination,\u00a0 to host the 2019 National Taekwondo Championships.\" \/>\n<meta property=\"og:url\" content=\"https:\/\/www.convention.qc.ca\/en\/news\/quebec-city-hosts-2019-national-taekwondo-championships\/\" \/>\n<meta property=\"og:site_name\" content=\"Qu\u00e9bec City Convention Centre\" \/>\n<meta property=\"article:publisher\" content=\"https:\/\/www.facebook.com\/congresquebec\/\" \/>\n<meta property=\"article:modified_time\" content=\"2024-02-22T18:58:12+00:00\" \/>\n<meta property=\"og:image\" content=\"https:\/\/www.convention.qc.ca\/wp-content\/uploads\/poster.png\" \/>\n\t<meta property=\"og:image:width\" content=\"1200\" \/>\n\t<meta property=\"og:image:height\" content=\"630\" \/>\n\t<meta property=\"og:image:type\" content=\"image\/png\" \/>\n<meta name=\"twitter:card\" content=\"summary_large_image\" \/>\n<meta name=\"twitter:site\" content=\"@quebeccongres\" \/>\n<meta name=\"twitter:label1\" content=\"Est. reading time\" \/>\n\t<meta name=\"twitter:data1\" content=\"1 minute\" \/>\n<script type=\"application\/ld+json\" class=\"yoast-schema-graph\">{\"@context\":\"https:\/\/schema.org\",\"@graph\":[{\"@type\":\"WebPage\",\"@id\":\"https:\/\/www.convention.qc.ca\/en\/news\/quebec-city-hosts-2019-national-taekwondo-championships\/\",\"url\":\"https:\/\/www.convention.qc.ca\/en\/news\/quebec-city-hosts-2019-national-taekwondo-championships\/\",\"name\":\"Qu\u00e9bec City hosts 2019 National Taekwondo Championships | Qu\u00e9bec City Convention Centre\",\"isPartOf\":{\"@id\":\"https:\/\/www.convention.qc.ca\/en\/#website\"},\"datePublished\":\"2018-10-29T23:30:50+00:00\",\"dateModified\":\"2024-02-22T18:58:12+00:00\",\"description\":\"Taekwondo Canada has selected Qu\u00e9bec City, ranked Canada\u2019s third best sporting destination,\u00a0 to host the 2019 National Taekwondo Championships.\",\"breadcrumb\":{\"@id\":\"https:\/\/www.convention.qc.ca\/en\/news\/quebec-city-hosts-2019-national-taekwondo-championships\/#breadcrumb\"},\"inLanguage\":\"en-US\",\"potentialAction\":[{\"@type\":\"ReadAction\",\"target\":[\"https:\/\/www.convention.qc.ca\/en\/news\/quebec-city-hosts-2019-national-taekwondo-championships\/\"]}]},{\"@type\":\"BreadcrumbList\",\"@id\":\"https:\/\/www.convention.qc.ca\/en\/news\/quebec-city-hosts-2019-national-taekwondo-championships\/#breadcrumb\",\"itemListElement\":[{\"@type\":\"ListItem\",\"position\":1,\"name\":\"Accueil\",\"item\":\"https:\/\/www.convention.qc.ca\/en\/\"},{\"@type\":\"ListItem\",\"position\":2,\"name\":\"Nouvelles\",\"item\":\"https:\/\/www.convention.qc.ca\/en\/news\/\"},{\"@type\":\"ListItem\",\"position\":3,\"name\":\"Qu\u00e9bec City hosts 2019 National Taekwondo Championships\"}]},{\"@type\":\"WebSite\",\"@id\":\"https:\/\/www.convention.qc.ca\/en\/#website\",\"url\":\"https:\/\/www.convention.qc.ca\/en\/\",\"name\":\"Centre des congr\u00e8s de Qu\u00e9bec\",\"description\":\"Convention and exhibition center in Quebec City\",\"publisher\":{\"@id\":\"https:\/\/www.convention.qc.ca\/en\/#organization\"},\"potentialAction\":[{\"@type\":\"SearchAction\",\"target\":{\"@type\":\"EntryPoint\",\"urlTemplate\":\"https:\/\/www.convention.qc.ca\/en\/?s={search_term_string}\"},\"query-input\":{\"@type\":\"PropertyValueSpecification\",\"valueRequired\":true,\"valueName\":\"search_term_string\"}}],\"inLanguage\":\"en-US\"},{\"@type\":\"Organization\",\"@id\":\"https:\/\/www.convention.qc.ca\/en\/#organization\",\"name\":\"Centre des congr\u00e8s de Qu\u00e9bec\",\"url\":\"https:\/\/www.convention.qc.ca\/en\/\",\"logo\":{\"@type\":\"ImageObject\",\"inLanguage\":\"en-US\",\"@id\":\"https:\/\/www.convention.qc.ca\/en\/#\/schema\/logo\/image\/\",\"url\":\"https:\/\/www.convention.qc.ca\/wp-content\/uploads\/poster.png\",\"contentUrl\":\"https:\/\/www.convention.qc.ca\/wp-content\/uploads\/poster.png\",\"width\":1200,\"height\":630,\"caption\":\"Centre des congr\u00e8s de Qu\u00e9bec\"},\"image\":{\"@id\":\"https:\/\/www.convention.qc.ca\/en\/#\/schema\/logo\/image\/\"},\"sameAs\":[\"https:\/\/www.facebook.com\/congresquebec\/\",\"https:\/\/x.com\/quebeccongres\",\"https:\/\/www.instagram.com\/quebeccongres\/\",\"https:\/\/www.linkedin.com\/company\/congresquebec\"]}]}<\/script>\n<!-- \/ Yoast SEO plugin. -->","yoast_head_json":{"title":"Qu\u00e9bec City hosts 2019 National Taekwondo Championships | Qu\u00e9bec City Convention Centre","description":"Taekwondo Canada has selected Qu\u00e9bec City, ranked Canada\u2019s third best sporting destination,\u00a0 to host the 2019 National Taekwondo Championships.","robots":{"index":"index","follow":"follow","max-snippet":"max-snippet:-1","max-image-preview":"max-image-preview:large","max-video-preview":"max-video-preview:-1"},"canonical":"https:\/\/www.convention.qc.ca\/en\/news\/quebec-city-hosts-2019-national-taekwondo-championships\/","og_locale":"en_US","og_type":"article","og_title":"Qu\u00e9bec City hosts 2019 National Taekwondo Championships | Qu\u00e9bec City Convention Centre","og_description":"Taekwondo Canada has selected Qu\u00e9bec City, ranked Canada\u2019s third best sporting destination,\u00a0 to host the 2019 National Taekwondo Championships.","og_url":"https:\/\/www.convention.qc.ca\/en\/news\/quebec-city-hosts-2019-national-taekwondo-championships\/","og_site_name":"Qu\u00e9bec City Convention Centre","article_publisher":"https:\/\/www.facebook.com\/congresquebec\/","article_modified_time":"2024-02-22T18:58:12+00:00","og_image":[{"width":1200,"height":630,"url":"https:\/\/www.convention.qc.ca\/wp-content\/uploads\/poster.png","type":"image\/png"}],"twitter_card":"summary_large_image","twitter_site":"@quebeccongres","twitter_misc":{"Est. reading time":"1 minute"},"schema":{"@context":"https:\/\/schema.org","@graph":[{"@type":"WebPage","@id":"https:\/\/www.convention.qc.ca\/en\/news\/quebec-city-hosts-2019-national-taekwondo-championships\/","url":"https:\/\/www.convention.qc.ca\/en\/news\/quebec-city-hosts-2019-national-taekwondo-championships\/","name":"Qu\u00e9bec City hosts 2019 National Taekwondo Championships | Qu\u00e9bec City Convention Centre","isPartOf":{"@id":"https:\/\/www.convention.qc.ca\/en\/#website"},"datePublished":"2018-10-29T23:30:50+00:00","dateModified":"2024-02-22T18:58:12+00:00","description":"Taekwondo Canada has selected Qu\u00e9bec City, ranked Canada\u2019s third best sporting destination,\u00a0 to host the 2019 National Taekwondo Championships.","breadcrumb":{"@id":"https:\/\/www.convention.qc.ca\/en\/news\/quebec-city-hosts-2019-national-taekwondo-championships\/#breadcrumb"},"inLanguage":"en-US","potentialAction":[{"@type":"ReadAction","target":["https:\/\/www.convention.qc.ca\/en\/news\/quebec-city-hosts-2019-national-taekwondo-championships\/"]}]},{"@type":"BreadcrumbList","@id":"https:\/\/www.convention.qc.ca\/en\/news\/quebec-city-hosts-2019-national-taekwondo-championships\/#breadcrumb","itemListElement":[{"@type":"ListItem","position":1,"name":"Accueil","item":"https:\/\/www.convention.qc.ca\/en\/"},{"@type":"ListItem","position":2,"name":"Nouvelles","item":"https:\/\/www.convention.qc.ca\/en\/news\/"},{"@type":"ListItem","position":3,"name":"Qu\u00e9bec City hosts 2019 National Taekwondo Championships"}]},{"@type":"WebSite","@id":"https:\/\/www.convention.qc.ca\/en\/#website","url":"https:\/\/www.convention.qc.ca\/en\/","name":"Centre des congr\u00e8s de Qu\u00e9bec","description":"Convention and exhibition center in Quebec City","publisher":{"@id":"https:\/\/www.convention.qc.ca\/en\/#organization"},"potentialAction":[{"@type":"SearchAction","target":{"@type":"EntryPoint","urlTemplate":"https:\/\/www.convention.qc.ca\/en\/?s={search_term_string}"},"query-input":{"@type":"PropertyValueSpecification","valueRequired":true,"valueName":"search_term_string"}}],"inLanguage":"en-US"},{"@type":"Organization","@id":"https:\/\/www.convention.qc.ca\/en\/#organization","name":"Centre des congr\u00e8s de Qu\u00e9bec","url":"https:\/\/www.convention.qc.ca\/en\/","logo":{"@type":"ImageObject","inLanguage":"en-US","@id":"https:\/\/www.convention.qc.ca\/en\/#\/schema\/logo\/image\/","url":"https:\/\/www.convention.qc.ca\/wp-content\/uploads\/poster.png","contentUrl":"https:\/\/www.convention.qc.ca\/wp-content\/uploads\/poster.png","width":1200,"height":630,"caption":"Centre des congr\u00e8s de Qu\u00e9bec"},"image":{"@id":"https:\/\/www.convention.qc.ca\/en\/#\/schema\/logo\/image\/"},"sameAs":["https:\/\/www.facebook.com\/congresquebec\/","https:\/\/x.com\/quebeccongres","https:\/\/www.instagram.com\/quebeccongres\/","https:\/\/www.linkedin.com\/company\/congresquebec"]}]}},"_links":{"self":[{"href":"https:\/\/www.convention.qc.ca\/en\/wp-json\/wp\/v2\/communiques\/10010","targetHints":{"allow":["GET"]}}],"collection":[{"href":"https:\/\/www.convention.qc.ca\/en\/wp-json\/wp\/v2\/communiques"}],"about":[{"href":"https:\/\/www.convention.qc.ca\/en\/wp-json\/wp\/v2\/types\/communiques"}],"wp:attachment":[{"href":"https:\/\/www.convention.qc.ca\/en\/wp-json\/wp\/v2\/media?parent=10010"}],"wp:term":[{"taxonomy":"categorie-communiques","embeddable":true,"href":"https:\/\/www.convention.qc.ca\/en\/wp-json\/wp\/v2\/categorie-communiques?post=10010"}],"curies":[{"name":"wp","href":"https:\/\/api.w.org\/{rel}","templated":true}]}}

Québec City hosts 2019 National Taekwondo Championships

<div  class="item wysiwyg component-paragraph component-no-padding " ><div class="container">
<p>From January 10 to 12, 2019, nearly 1,500 spectators will come out for the championships, which will bring together some 800 athletes, coaches, and officials at the Québec City Convention Centre. For four days, the best taekwondo athletes from across Canada will compete in various categories and vie for the chance to represent the country at various international championships in 2019.</p>
</div></div>

<div  class="item wysiwyg component-paragraph component-no-padding " ><div class="container">
<p>The Québec City Convention Centre is a flexible venue for sports competitions that has played host to karate, fencing, and cheerleading competitions, and was also picked for the <a href="https://www.convention.qc.ca/en/2018/10/view-dance-challenge-quebec-2020/" target="_blank" rel="noreferrer noopener">VIEW Dance Challenge</a> slated for 2020. For this taekwondo championship, the athletes will compete in the Exhibit Hall.</p>
</div></div>

<div  class="item wysiwyg component-heading component-no-padding " ><div class="container">
<h3 class="wp-block-heading"><strong>About Taekwondo Canada</strong></h3>
</div></div>

<div  class="item wysiwyg component-paragraph component-no-padding " ><div class="container">
<p>Taekwondo Canada is the National Sport Organization in Canada recognized by the World Taekwondo (WT), Pan American Taekwondo Union (PATU), Sport Canada, and the Canadian Olympic Committee (IOC). Together with its members and partners, Taekwondo Canada will establish the highest possible standards for Taekwondo development and achievement. Taekwondo was adopted as an official Olympic sport at the 2000 Games in Sydney, Australia.</p>
</div></div>

Taekwondo Canada has selected Québec City, ranked Canada’s third best sporting destination,  to host the 2019 National Taekwondo Championships.

<!-- This site is optimized with the Yoast SEO plugin v26.7 - https://yoast.com/wordpress/plugins/seo/ -->
<title>Québec City hosts 2019 National Taekwondo Championships | Québec City Convention Centre</title>
<meta name="description" content="Taekwondo Canada has selected Québec City, ranked Canada’s third best sporting destination,  to host the 2019 National Taekwondo Championships." />
<meta name="robots" content="index, follow, max-snippet:-1, max-image-preview:large, max-video-preview:-1" />
<link rel="canonical" href="https://www.convention.qc.ca/en/news/quebec-city-hosts-2019-national-taekwondo-championships/" />
<meta property="og:locale" content="en_US" />
<meta property="og:type" content="article" />
<meta property="og:title" content="Québec City hosts 2019 National Taekwondo Championships | Québec City Convention Centre" />
<meta property="og:description" content="Taekwondo Canada has selected Québec City, ranked Canada’s third best sporting destination,  to host the 2019 National Taekwondo Championships." />
<meta property="og:url" content="https://www.convention.qc.ca/en/news/quebec-city-hosts-2019-national-taekwondo-championships/" />
<meta property="og:site_name" content="Québec City Convention Centre" />
<meta property="article:publisher" content="https://www.facebook.com/congresquebec/" />
<meta property="article:modified_time" content="2024-02-22T18:58:12+00:00" />
<meta property="og:image" content="https://www.convention.qc.ca/wp-content/uploads/poster.png" />
	<meta property="og:image:width" content="1200" />
	<meta property="og:image:height" content="630" />
	<meta property="og:image:type" content="image/png" />
<meta name="twitter:card" content="summary_large_image" />
<meta name="twitter:site" content="@quebeccongres" />
<meta name="twitter:label1" content="Est. reading time" />
	<meta name="twitter:data1" content="1 minute" />
<script type="application/ld+json" class="yoast-schema-graph">{"@context":"https://schema.org","@graph":[{"@type":"WebPage","@id":"https://www.convention.qc.ca/en/news/quebec-city-hosts-2019-national-taekwondo-championships/","url":"https://www.convention.qc.ca/en/news/quebec-city-hosts-2019-national-taekwondo-championships/","name":"Québec City hosts 2019 National Taekwondo Championships | Québec City Convention Centre","isPartOf":{"@id":"https://www.convention.qc.ca/en/#website"},"datePublished":"2018-10-29T23:30:50+00:00","dateModified":"2024-02-22T18:58:12+00:00","description":"Taekwondo Canada has selected Québec City, ranked Canada’s third best sporting destination,  to host the 2019 National Taekwondo Championships.","breadcrumb":{"@id":"https://www.convention.qc.ca/en/news/quebec-city-hosts-2019-national-taekwondo-championships/#breadcrumb"},"inLanguage":"en-US","potentialAction":[{"@type":"ReadAction","target":["https://www.convention.qc.ca/en/news/quebec-city-hosts-2019-national-taekwondo-championships/"]}]},{"@type":"BreadcrumbList","@id":"https://www.convention.qc.ca/en/news/quebec-city-hosts-2019-national-taekwondo-championships/#breadcrumb","itemListElement":[{"@type":"ListItem","position":1,"name":"Accueil","item":"https://www.convention.qc.ca/en/"},{"@type":"ListItem","position":2,"name":"Nouvelles","item":"https://www.convention.qc.ca/en/news/"},{"@type":"ListItem","position":3,"name":"Québec City hosts 2019 National Taekwondo Championships"}]},{"@type":"WebSite","@id":"https://www.convention.qc.ca/en/#website","url":"https://www.convention.qc.ca/en/","name":"Centre des congrès de Québec","description":"Convention and exhibition center in Quebec City","publisher":{"@id":"https://www.convention.qc.ca/en/#organization"},"potentialAction":[{"@type":"SearchAction","target":{"@type":"EntryPoint","urlTemplate":"https://www.convention.qc.ca/en/?s={search_term_string}"},"query-input":{"@type":"PropertyValueSpecification","valueRequired":true,"valueName":"search_term_string"}}],"inLanguage":"en-US"},{"@type":"Organization","@id":"https://www.convention.qc.ca/en/#organization","name":"Centre des congrès de Québec","url":"https://www.convention.qc.ca/en/","logo":{"@type":"ImageObject","inLanguage":"en-US","@id":"https://www.convention.qc.ca/en/#/schema/logo/image/","url":"https://www.convention.qc.ca/wp-content/uploads/poster.png","contentUrl":"https://www.convention.qc.ca/wp-content/uploads/poster.png","width":1200,"height":630,"caption":"Centre des congrès de Québec"},"image":{"@id":"https://www.convention.qc.ca/en/#/schema/logo/image/"},"sameAs":["https://www.facebook.com/congresquebec/","https://x.com/quebeccongres","https://www.instagram.com/quebeccongres/","https://www.linkedin.com/company/congresquebec"]}]}</script>
<!-- / Yoast SEO plugin. -->

Québec City hosts 2019 National Taekwondo Championships | Québec City Convention Centre

Québec City Convention Centre

Centre des congrès de Québec
